 27 a factor of 5490193?
False
Is 360 a factor of 101174?
False
Is 242997 a multiple of 45?
False
Is 243 a factor of 5041357?
False
Is 271 a factor of 369915?
True
Is 813995 a multiple of 3?
False
Does 5 divide 82550?
True
Does 17 divide 569492?
False
Is 116 a factor of 265060?
True
Is 140742 a multiple of 18?
True
Does 482 divide 10934?
False
Is 12 a factor of 6107023?
False
Is 2797965 a multiple of 291?
True
Does 29 divide 32393?
True
Does 12 divide 468348?
True
Is 147566 a multiple of 13?
False
Does 37 divide 742433?
False
Does 157 divide 1776789?
False
Does 46 divide 581969?
False
Does 23 divide 626454?
False
Is 45 a factor of 95141?
False
Does 126 divide 292797?
False
Is 310 a factor of 4419670?
True
Is 755425 a multiple of 1025?
True
Is 144077 a multiple of 10?
False
Is 143809 a multiple of 54?
False
Is 167 a factor of 8725249?
True
Is 11820 a multiple of 30?
True
Is 11 a factor of 9990?
False
Is 19 a factor of 54040?
False
Is 29 a factor of 2718141?
True
Does 442 divide 2933719?
False
Is 79 a factor of 2572556?
True
Does 100 divide 17600?
True
Is 134925 a multiple of 25?
True
Is 158 a factor of 141729?
False
Does 2 divide 79680?
True
Does 58 divide 619092?
True
Does 44 divide 68068?
True
Is 16100 a multiple of 4?
True
Is 56745 a multiple of 9?
True
Is 6783032 a multiple of 517?
False
Does 1148 divide 4160178?
False
Does 57 divide 862328?
False
Is 1272 a factor of 20947303?
False
Is 73250 a multiple of 31?
False
Is 146757 a multiple of 71?
True
Does 219 divide 1799742?
True
Is 131 a factor of 347270?
False
Is 21 a factor of 19509?
True
Does 9 divide 11378421?
True
Is 19126625 a multiple of 15?
False
Is 6 a factor of 43482?
True
Is 116 a factor of 8662504?
False
Does 50 divide 182450?
True
Is 3132756 a multiple of 44?
True
Is 12 a factor of 571512?
True
Does 65 divide 1680?
False
Is 98 a factor of 389191?
False
Is 76 a factor of 196688?
True
Does 97 divide 355954?
False
Is 164706 a multiple of 206?
False
Does 432 divide 735696?
True
Does 483 divide 8074311?
True
Does 65 divide 2117245?
True
Is 537 a factor of 8146498?
False
Does 65 divide 454119?
False
Does 4 divide 1084791?
False
Does 339 divide 8758404?
True
Is 1983366 a multiple of 53?
True
Is 504 a factor of 1387717?
False
Is 7 a factor of 333243?
False
Is 5071 a multiple of 11?
True
Is 970 a factor of 1412545?
False
Is 2680104 a multiple of 86?
True
Is 11666610 a multiple of 12?
False
Does 6 divide 1499?
False
Is 1712984 a multiple of 17?
False
Is 54293 a multiple of 35?
False
Is 7 a factor of 5735?
False
Does 91 divide 1047116?
False
Does 8 divide 1230016?
True
Is 284 a factor of 1246624?
False
Is 2244 a factor of 12499221?
False
Is 338460 a multiple of 30?
True
Does 7 divide 193151?
True
Is 147365 a multiple of 26?
False
Does 16 divide 7161488?
True
Is 3 a factor of 69780?
True
Does 38 divide 946839?
False
Is 623978 a multiple of 189?
False
Does 39 divide 714675?
True
Is 60 a factor of 23270?
False
Does 454 divide 675997?
False
Does 2 divide 278716?
True
Is 29 a factor of 437175?
True
Is 124 a factor of 335181?
False
Does 111 divide 408388?
False
Is 82497 a multiple of 34?
False
Does 38 divide 888174?
True
Is 32 a factor of 1277552?
False
Is 12 a factor of 3088792?
False
Does 6 divide 3125052?
True
Is 25 a factor of 1353625?
True
Does 47 divide 4174?
False
Is 120680 a multiple of 40?
True
Is 3 a factor of 29771?
False
Is 248324 even?
True
Does 20 divide 35980?
True
Does 13 divide 113581?
True
Does 55 divide 67210?
True
Is 127 a factor of 453390?
True
Is 627 a factor of 618259?
False
Is 404500 a multiple of 50?
True
Is 30 a factor of 36400158?
False
Is 17 a factor of 213559?
False
Is 1131757 a multiple of 539?
False
Is 5689330 a multiple of 262?
True
Is 230157 a multiple of 3?
True
Is 4176300 a multiple of 50?
True
Is 16 a factor of 1867864?
False
Does 4 divide 30240?
True
Is 18833947 a multiple of 774?
False
Does 470 divide 320041?
False
Is 129411 a multiple of 9?
True
Is 3791234 a multiple of 334?
True
Does 265 divide 111035?
True
Is 3 a factor of 5289?
True
Does 136 divide 36226712?
False
Does 255 divide 946560?
True
Is 2158832 a multiple of 194?
True
Does 220 divide 3089?
False
Does 42 divide 63477?
False
Is 82275 a multiple of 5?
True
Does 120 divide 1499960?
False
Is 324588 a multiple of 44?
True
Does 977 divide 850967?
True
Is 17 a factor of 395131?
True
Is 155 a factor of 1320370?
False
Is 1005980 a multiple of 562?
True
Is 113445 a multiple of 51?
False
Does 672 divide 12436704?
True
Is 890 a factor of 37541726?
False
Is 488904 a multiple of 104?
True
Is 130 a factor of 2089951?
False
Is 57 a factor of 8068?
False
Is 718 a factor of 830302?
False
Does 120 divide 78000?
True
Is 36892 even?
True
Is 3 a factor of 2744?
False
Does 7 divide 194054?
True
Does 32 divide 4062008?
False
Does 21 divide 41319?
False
Is 348120 a multiple of 16?
False
Does 49 divide 18222806?
True
Does 47 divide 402509?
False
Is 4097959 a multiple of 275?
False
Is 6 a factor of 102588?
True
Does 468 divide 73846?
False
Is 810196 a multiple of 279?
False
Is 89 a factor of 800916?
False
Does 16 divide 3216186?
False
Does 298 divide 23542?
True
Is 189 a factor of 20979?
True
Does 31 divide 363010?
True
Is 12 a factor of 403500?
True
Is 669553 a multiple of 23?
True
Does 6 divide 163914?
True
Is 70 a factor of 166180?
True
Is 244 a factor of 330864?
True
Is 14 a factor of 288456?
True
Is 177 a factor of 75579?
True
Is 640199 a multiple of 501?
False
Is 2755500 a multiple of 22?
True
Does 16 divide 524432?
True
Does 22 divide 143760?
False
Is 51 a factor of 4246311?
True
Is 406616 a multiple of 106?
True
Does 39 divide 11204801?
False
Is 138 a factor of 553932?
True
Does 16 divide 45312?
True
Is 2213739 a multiple of 649?
True
Does 893 divide 695647?
True
Is 15064014 a multiple of 42?
True
Does 37 divide 89944?
False
Is 206 a factor of 84666?
True
Does 7 divide 15899?
False
Does 28 divide 170968?
True
Is 259 a factor of 113442?
True
Is 6 a factor of 203168?
False
Is 95984 a multiple of 16?
True
Is 115355 a multiple of 98?
False
Is 107 a factor of 55523?
False
Does 12 divide 1200360?
True
Does 546 divide 1081319?
False
Is 84 a factor of 117820?
False
Does 9 divide 73629?
True
Is 784860 a multiple of 49?
False
Does 13 divide 26916760?
True
Does 69 divide 678574?
False
Is 34 a factor of 305728?
True
Is 11 a factor of 191719?
True
Is 763680 a multiple of 96?
True
Is 104 a factor of 175124?
False
Is 1299516 a multiple of 22?
False
Does 15 divide 113942?
False
Does 374 divide 185878?
True
Is 134 a factor of 4015712?
True
Is 79 a factor of 253392?
False
Is 112 a factor of 661360?
True
Is 212492 a multiple of 194?
False
Is 14928163 a multiple of 11?
False
Does 218 divide 23703?
False
Does 12 divide 9885024?
True
Is 6044139 a multiple of 576?
False
Is 16472 a multiple of 3?
False
Does 235 divide 519350?
True
Is 28744 even?
True
Is 719373 a multiple of 24?
False
Is 51 a factor of 1601382?
False
Is 22 a factor of 1053988?
False
Is 83 a factor of 27654?
False
Does 218 divide 2289436?
True
Does 23 divide 997783?
False
Does 3 divide 2275239?
True
Is 569 a factor of 961586?
False
Is 358966 a multiple of 27?
False
Is 5479040 a multiple of 16?
True
Is 624255 a multiple of 223?
False
Is 210 a factor of 3853741?
False
Does 21 divide 790755?
True
Is 223290 a multiple of 15?
True
Is 475186 a multiple of 19?
False
Does 373 divide 19859?
False
Is 77130 a multiple of 135?
False
Is 67976 a multiple of 29?
True
Does 23 divide 8676290?
True
Is 9 a factor of 52218?
True
Is 39159 a multiple of 57?
True
Does 1138 divide 20080010?
True
Is 563745 a multiple of 13?
True
Is 161 a factor of 9777204?
False
Does 109 divide 271478?
False
Does 199 divide 199597?
True
Is 878789 a multiple of 336?
False
Is 11 a factor of 4625881?
False
Does 6 divide 807287?
False
Is 7 a factor of 597531?
False
Is 1010100 a multiple of 39?
True
Is 200349 a multiple of 173?
False
Is 681520 a multiple of 280?
True
Is 5 a factor of 189451?
False
Does 3 divide 8099?
False
Is 172301 a multiple of 69?
False
Does 4 divide 216865?
False
Is 4272560 a multiple of 256?
False
Is 17203 even?
False
Is 14323315 a multiple of 101?
True
Is 997712 a multiple of 39?
False
Is 285 a factor of 1294470?
True
Is 1231392 a multiple of 202?
True
Is 398958 a multiple of 413?
True
Is 8205